te the greatest common divisor of 14 and 12231394.
14
What is the highest common factor of 88267 and 1769?
61
Calculate the greatest common divisor of 64 and 3142.
2
Calculate the greatest common factor of 1552670 and 126.
14
What is the highest common factor of 2 and 2894746?
2
What is the greatest common factor of 1671822 and 972?
18
Calculate the highest common divisor of 50869 and 2437487.
169
Calculate the greatest common factor of 621 and 326666355.
69
What is the highest common divisor of 1034980 and 120?
20
What is the highest common factor of 1876136 and 152?
152
What is the greatest common factor of 6531 and 27363?
21
What is the greatest common divisor of 225450 and 2400291?
1503
What is the highest common divisor of 1007361 and 688?
43
What is the greatest common divisor of 1032 and 91396?
4
Calculate the highest common divisor of 4469486 and 6320048.
10822
What is the highest common divisor of 1727402 and 118?
118
What is the highest common divisor of 1669848 and 1804?
164
Calculate the highest common divisor of 1703808 and 357.
51
What is the greatest common divisor of 1252014 and 3195?
213
Calculate the greatest common factor of 5137828 and 380.
76
Calculate the greatest common divisor of 4444 and 18853064.
404
Calculate the greatest common factor of 16384452 and 56.
28
Calculate the greatest common factor of 14655039 and 336.
21
What is the greatest common divisor of 360195 and 4521?
33
Calculate the highest common divisor of 1343 and 245599.
17
Calculate the highest common divisor of 36668 and 533644.
356
What is the highest common divisor of 11380 and 35280845?
2845
Calculate the greatest common factor of 7475 and 38775815.
1495
Calculate the greatest common factor of 8928 and 335544.
744
Calculate the highest common factor of 141744750 and 42.
42
What is the greatest common factor of 106 and 24702187?
53
What is the greatest common factor of 4496046 and 2565?
57
Calculate the highest common factor of 468336 and 121088.
176
What is the greatest common factor of 15068910 and 874?
46
What is the highest common divisor of 151700 and 4085281?
1517
Calculate the greatest common factor of 15943 and 905175.
149
What is the greatest common factor of 311886 and 21564?
18
Calculate the highest common factor of 206580 and 1130.
10
Calculate the highest common factor of 193406806 and 98082.
10898
What is the highest common divisor of 36377812 and 28?
4
What is the highest common factor of 26968048 and 80?
16
What is the greatest common factor of 11419785 and 900135?
10845
What is the highest common factor of 1556484 and 11616?
12
Calculate the greatest common factor of 1799 and 236116951.
1799
Calculate the highest common divisor of 22 and 34422234.
22
Calculate the greatest common factor of 2799377 and 2611.
7
What is the greatest common divisor of 2058 and 15165598?
98
What is the highest common divisor of 299282421 and 1017?
339
What is the greatest common divisor of 7352451 and 22597?
383
What is the highest common factor of 1174936 and 280?
56
Calculate the greatest common factor of 2454122310 and 851.
851
What is the greatest common factor of 874 and 29387338?
38
Calculate the greatest common factor of 1815 and 137828559.
363
Calculate the greatest common factor of 328 and 33836316.
164
What is the greatest common factor of 1070 and 28583231?
107
What is the greatest common factor of 2831 and 5982201?
149
What is the highest common factor of 1276 and 204044?
116
Calculate the greatest common divisor of 12 and 834597240.
12
What is the highest common factor of 19888 and 85863728?
1808
Calculate the highest common divisor of 377640 and 85040.
40
Calculate the highest common factor of 589 and 4030394.
19
What is the highest common divisor of 7860 and 2176620?
60
Calculate the highest common divisor of 55503034 and 1137.
379
What is the highest common divisor of 5363 and 3696874?
31
What is the highest common divisor of 19195 and 4025715?
1745
What is the highest common factor of 13422210 and 44658?
4962
What is the greatest common factor of 12 and 714194994?
6
Calculate the greatest common divisor of 60515 and 3105375.
3185
What is the greatest common divisor of 165 and 16344295?
55
What is the highest common divisor of 4789512 and 147?
21
Calculate the highest common divisor of 28880 and 498256.
304
Calculate the greatest common divisor of 22327 and 262813.
269
What is the highest common divisor of 84 and 4305189?
21
Calculate the highest common factor of 1015764 and 300.
12
Calculate the highest common divisor of 469637 and 805.
161
Calculate the greatest common divisor of 1274430 and 2346.
138
Calculate the greatest common factor of 84382656 and 688.
16
Calculate the highest common divisor of 25891 and 3333847.
1523
What is the highest common factor of 494 and 469723358?
494
What is the highest common factor of 141293586 and 84?
42
What is the highest common divisor of 33 and 19257689?
11
What is the highest common factor of 3695055 and 20475?
1365
Calculate the greatest common factor of 85030 and 68801638.
1546
What is the highest common divisor of 82944 and 3264?
192
Calculate the highest common divisor of 97 and 847101.
97
Calculate the highest common divisor of 120375 and 753387.
321
What is the highest common divisor of 7764 and 23364?
12
What is the greatest common factor of 6089377 and 637?
49
What is the greatest common divisor of 39410 and 1533612?
1126
Calculate the highest common factor of 7455444 and 40713.
993
Calculate the greatest common factor of 33667840 and 2048.
256
Calculate the greatest common factor of 1644 and 104135481.
411
What is the greatest common divisor of 220 and 37687430?
110
What is the highest common divisor of 2742579 and 504063?
3969
What is the greatest common factor of 16255 and 91075?
5
What is the highest common divisor of 121987 and 854705?
199
Calculate the greatest common factor of 26344104 and 103.
103
What is the highest common factor of 396918112 and 128?
32
Calculate the highest common divisor of 63501424 and 448.
112
Calculate the greatest common divisor of 14216 and 64712.
8
What is the highest common factor of 135 and 5286924?
27
Calculate the greatest common divisor of 184 and 16308196.
92
Calculate the greatest common divisor of 178606725 and 198.
33
Calculate the greatest common divisor of 4549753 and 117.
13
What is the greatest common factor of 114018 and 10788?
186
What is the greatest common divisor of 254708148 and 3324?
3324
What is the highest common divisor of 1234869918 and 3459?
3459
What is the highest common factor of 354 and 374780685?
177
What is the greatest common divisor of 60730631 and 14839?
1349
Calculate the greatest common divisor of 29267386 and 1604.
802
Calculate the greatest common divisor of 91 and 630797713.
91
Calculate the highest common factor of 800 and 3664300.
100
What is the greatest common factor of 41704 and 70648?
8
Calculate the highest common factor of 42874195 and 1820.
455
What is the highest common factor of 148 and 30488518?
74
What is the highest common factor of 30328452 and 81?
27
What is the highest common divisor of 33858838 and 65?
13
What is the greatest common divisor of 6916 and 6429514?
182
Calculate the greatest common factor of 38 and 997220605.
19
Calculate the greatest common divisor of 373632 and 210029.
139
What is the highest common factor of 11576 and 79972796?
5788
What is the highest common factor of 86646340 and 55?
55
What is the greatest common factor of 5086518 and 926?
926
Calculate the greatest common divisor of 315660 and 195.
15
What is the greatest common factor of 152 and 2090323?
19
What is the highest common divisor of 14054724 and 33567?
201
Calculate the greatest common divisor of 474 and 101363478.
474
What is the greatest common factor of 5776409 and 1?
1
What is the greatest common factor of 31519 and 57104?
43
Calculate the greatest common divisor of 760 and 220495.
95
Calculate the highest common factor of 2362888858 and 22.
22
What is the greatest common factor of 14409 and 469305933?
4803
Calculate the greatest common divisor of 459 and 358386129.
153
What is the highest common divisor of 3290 and 1749691090?
3290
What is the highest common divisor of 279 and 5496486?
93
Calculate the greate